when 661012 is divided by 60061.
341
Calculate the remainder when 4065 is divided by 478.
241
Calculate the remainder when 3688694 is divided by 62520.
14
What is the remainder when 36918996 is divided by 49?
44
What is the remainder when 537776 is divided by 133498?
3784
Calculate the remainder when 38315903 is divided by 1544.
1543
Calculate the remainder when 1140401 is divided by 162910.
31
Calculate the remainder when 17103563 is divided by 30.
23
Calculate the remainder when 467412 is divided by 467083.
329
Calculate the remainder when 1022857 is divided by 261.
259
What is the remainder when 739529 is divided by 6061?
87
What is the remainder when 8067024 is divided by 116913?
27
Calculate the remainder when 60418 is divided by 8784.
7714
What is the remainder when 54096 is divided by 409?
108
Calculate the remainder when 394905 is divided by 4810.
485
Calculate the remainder when 168132 is divided by 23805.
1497
Calculate the remainder when 6209946 is divided by 119421.
54
Calculate the remainder when 5794327 is divided by 5287.
5062
What is the remainder when 843233 is divided by 9805?
3
Calculate the remainder when 7938004 is divided by 1202.
1198
Calculate the remainder when 9841 is divided by 7528.
2313
Calculate the remainder when 123547 is divided by 15412.
251
What is the remainder when 9383552 is divided by 6019?
5950
What is the remainder when 107876 is divided by 336?
20
What is the remainder when 241874 is divided by 241229?
645
Calculate the remainder when 613799 is divided by 306691.
417
Calculate the remainder when 602569 is divided by 689.
383
Calculate the remainder when 7266554 is divided by 266.
232
Calculate the remainder when 4256411 is divided by 1833.
185
Calculate the remainder when 7145023 is divided by 104.
15
What is the remainder when 1100060 is divided by 122207?
197
What is the remainder when 25532200 is divided by 1872?
1864
What is the remainder when 4988696 is divided by 138?
134
What is the remainder when 986663 is divided by 2164?
2043
Calculate the remainder when 429412 is divided by 85694.
942
Calculate the remainder when 858207 is divided by 13200.
207
What is the remainder when 610123 is divided by 304781?
561
Calculate the remainder when 486705 is divided by 420.
345
Calculate the remainder when 785331 is divided by 80.
51
What is the remainder when 2815400 is divided by 201100?
0
What is the remainder when 1741067 is divided by 17410?
67
What is the remainder when 1815496 is divided by 117?
7
What is the remainder when 144057 is divided by 270?
147
What is the remainder when 4754531 is divided by 18572?
99
Calculate the remainder when 220763 is divided by 110373.
17
What is the remainder when 92413 is divided by 1927?
1844
Calculate the remainder when 2513179 is divided by 258.
1
What is the remainder when 2667029 is divided by 14?
1
What is the remainder when 728142 is divided by 98?
2
Calculate the remainder when 18098007 is divided by 9.
6
Calculate the remainder when 346380 is divided by 3440.
2380
What is the remainder when 2610660 is divided by 3651?
195
Calculate the remainder when 4536909 is divided by 875.
34
Calculate the remainder when 3455908503 is divided by 381.
378
Calculate the remainder when 254704 is divided by 22921.
2573
Calculate the remainder when 27177 is divided by 999.
204
What is the remainder when 2426790 is divided by 346684?
2
Calculate the remainder when 604335 is divided by 504.
39
Calculate the remainder when 9483844 is divided by 957.
931
Calculate the remainder when 729606 is divided by 109.
69
What is the remainder when 329180 is divided by 98?
96
Calculate the remainder when 2018781 is divided by 44.
17
What is the remainder when 49511698 is divided by 261?
259
Calculate the remainder when 3624842 is divided by 2409.
1706
What is the remainder when 202439161 is divided by 3752?
1
What is the remainder when 1438154 is divided by 281?
277
Calculate the remainder when 2745797 is divided by 1912.
165
Calculate the remainder when 2101235 is divided by 76.
63
Calculate the remainder when 4512974 is divided by 857.
12
What is the remainder when 1623400 is divided by 64927?
225
Calculate the remainder when 166200 is divided by 2622.
1014
Calculate the remainder when 190761 is divided by 95072.
617
What is the remainder when 116026653 is divided by 38909?
15
Calculate the remainder when 329813 is divided by 1730.
1113
Calculate the remainder when 5583384 is divided by 1395843.
12
Calculate the remainder when 27259965 is divided by 446.
445
What is the remainder when 303217 is divided by 7395?
22
Calculate the remainder when 214060 is divided by 1166.
682
Calculate the remainder when 206594 is divided by 7296.
2306
What is the remainder when 30486279 is divided by 1795?
1794
What is the remainder when 146777 is divided by 48712?
641
What is the remainder when 16936 is divided by 14224?
2712
Calculate the remainder when 11896961 is divided by 110.
21
What is the remainder when 45086 is divided by 2630?
376
What is the remainder when 4744624 is divided by 143776?
16
What is the remainder when 3854300 is divided by 432?
428
What is the remainder when 806162860 is divided by 121?
118
Calculate the remainder when 37274286 is divided by 1194.
1188
What is the remainder when 37455 is divided by 12480?
15
What is the remainder when 456148 is divided by 816?
4
Calculate the remainder when 28013019 is divided by 191.
4
Calculate the remainder when 1183958 is divided by 128.
86
What is the remainder when 3890933 is divided by 351?
98
Calculate the remainder when 818539 is divided by 302.
119
Calculate the remainder when 6197561 is divided by 28.
13
What is the remainder when 3086363 is divided by 2070?
2063
Calculate the remainder when 760754 is divided by 253563.
65
Calculate the remainder when 640440 is divided by 1779.
0
Calculate the remainder when 5272751 is divided by 1757546.
113
Calculate the remainder when 540695895 is divided by 17.
15
What is the remainder when 655649 is divided by 163120?
3169
What is the remainder when 15635 is divided by 1420?
15
Calculate the remainder when 8131443 is divided by 4668.
4455
Calculate the remainder when 1876549 is divided by 2677.
2649
What is the remainder when 4727332 is divided by 25?
7
What is the remainder when 44135 is divided by 135?
125
Calculate the remainder when 1728304 is divided by 665.
634
Calculate the remainder when 238705 is divided by 207.
34
What is the remainder when 379465676 is divided by 46?
38
Calculate the remainder when 57430213 is divided by 14357552.
5
What is the remainder when 2914329 is divided by 3?
0
What is the remainder when 17087590 is divided by 81?
73
What is the remainder when 532571 is divided by 896?
347
Calculate the remainder when 30912 is divided by 4765.
2322
What is the remainder when 57289951 is divided by 39?
4
What is the remainder when 17551 is divided by 2065?
1031
What is the remainder when 3072013 is divided by 1023941?
190
Calculate the remainder when 485894 is divided by 13128.
158
What is the remainder when 70703 is divided by 23516?
155
Calculate the remainder when 181597621 is divided by 1937.
1934
What is the remainder when 2392775 is divided by 10976?
7
Calculate the remainder when 542372669 is divided by 210.
209
What is the remainder when 173566 is divided by 43289?
410
What is the remainder when 88630162 is divided by 126?
124
Calculate the remainder when 166544 is divided by 33176.
664
What is the remainder when 7166034 is divided by 212?
10
What is the remainder when 561812 is divided by 37148?
4592
What is the remainder when 88418996 is divided by 1691?
1679
Calculate the remainder when 330402 is divided by 330388.
14
What is the remainder when 91860685 is divided by 12?
1
Calculate the remainder when 38469 is divided by 12687.
408
What is the remainder when 1469355 is divided by 20?
15
What is the remainder when 52090 is divided by 13013?
38
Calculate the remainder when 97600 is divided by 119.
20
Calculate the remainder when 37198 is divided by 384.
334
What is the remainder when 81671 is divided by 1633?
21
Calculate the remainder when 9137976 is divided by 435140.
36
Calculate the remainder when 15947 is divided by 7926.
95
What is the remainder when 1646579 is 